 - (n/(-18))/(-1). Suppose h + 10 - 69 = l. What are the prime factors of h?
59
Suppose -2*a = -2*x + 2, -7 = -2*x + 3. Suppose -1168 = 8*d - 10*d - 2*y, 0 = 2*y + a. What are the prime factors of d?
2, 293
Suppose 727976 = 71*p + 24152 - 181049. What are the prime factors of p?
11, 103
Let r(s) = s**3 + 7*s**2 - s + 3. Let m be r(-9). Let w = -145 - m. List the prime factors of (w + -2)/(42/350).
5
Let y(r) = -1360*r - 34. List the prime factors of y(-1).
2, 3, 13, 17
Suppose -8*l + 13*l = 4*r - 82462, l + 20615 = r. What are the prime factors of r?
3, 6871
Let z = -348 - -166. Let c = 110 + z. Let x = -16 - c. What are the prime factors of x?
2, 7
Let l(b) = 103*b**2 - 64*b - 11. List the prime factors of l(11).
2, 3, 11, 89
Let o(t) = 14*t - 1 + 5737*t**2 - 5530*t**2 + 3. List the prime factors of o(2).
2, 3, 11, 13
Let a be 3*1/9 - 109136/(-48). Let w = -1572 + a. List the prime factors of w.
2, 3, 13
Let g = 11250 + -6680. List the prime factors of g.
2, 5, 457
Let q = 38920 - 19764. What are the prime factors of q?
2, 4789
Suppose 2*h = 3*r - 0*h - 15, 0 = 2*r - 2*h - 12. Suppose 0 = -5*f + r*n + 1285, 2*n + 2*n - 996 = -4*f. Let w = -163 + f. What are the prime factors of w?
7, 13
Suppose 0*v - 41 = -3*o + v, -5*o - 4*v = -40. What are the prime factors of 194/(-3)*o/(-8)?
97
Let v = -8 - -12. Suppose 2*q - 5*q - 6 = 0, -4*r - 4*q = -v. Suppose 2*z = -2*k - 20 + 96, r*z + 4*k - 119 = 0. What are the prime factors of z?
3, 11
Let c(b) = 67*b - 53. Let i be c(9). Suppose 4*o - 462 = i. What are the prime factors of o?
11, 23
Let c(r) = 67*r - 15. Let p be c(5). Suppose -23*n - p = -18*n. Let o = n - -69. What are the prime factors of o?
5
Let n(v) = 37*v**2 + 14*v + 77. List the prime factors of n(15).
2, 2153
Let z(a) = 3*a**2 + 15. Suppose 7*r - 87 = 2*r + y, -4*r = -4*y - 60. List the prime factors of z(r).
3, 7, 47
Suppose 1059 = -5*f + 3*o, -5*o + 234 + 201 = -2*f. Let m(u) = -u**2 + 72*u + 702. Let c be m(82). Let y = c - f. List the prime factors of y.
2, 23
Suppose -3*w - 4*j + 91108 = 8029, 83085 = 3*w + 2*j. What are the prime factors of w?
27697
Let y(j) = -j**2 - 16*j - 10. Let i be y(-14). Suppose 0 = 2*x + 20 + i. Let w = 47 + x. What are the prime factors of w?
2, 7
Let q be (-6 + 14 + -13)*(-782)/(-5). Let v = 58 - q. What are the prime factors of v?
2, 3, 5, 7
Let n(s) = -21*s. Suppose 5 = -5*z + 2*h + 2*h, 3*z - 4*h = -11. Suppose -4*l = -3*m + l - 49, 15 = z*l. List the prime factors of n(m).
2, 3, 7
Let r(a) = 14*a**2 + 65*a - 62. List the prime factors of r(-28).
2, 4547
Let n(g) = -3*g**3 - 4*g**2 + 3. Let v be n(1). List the prime factors of (15/v)/((-114)/152) - -195.
2, 5
Let q = 161 + -156. Suppose q*r - 495 = 725. What are the prime factors of r?
2, 61
Let o be (-91 - -20)*(12/(-1) - -1). Let a(t) = t**3 - 6*t**2 + 13*t - 26. Let y be a(10). Let i = o - y. List the prime factors of i.
277
Suppose -17*o - 4377 = -1249. Let b(a) = 12*a**2 + 3*a - 1. Let t be b(5). Let z = t + o. What are the prime factors of z?
2, 5, 13
Suppose y - 35 - 555 = 0. Let j(o) = -4*o**2 + 5*o + 11. Let m be j(2). Suppose m*s - 10*s = -y. What are the prime factors of s?
2, 59
Let h = 69 + -69. Suppose 403 = -3*y + 4*y - 3*f, 5*y - 4*f - 1982 = h. What are the prime factors of y?
2, 197
Let k be (-23)/2*(-17 - (-3)/3). Let b be -4*3/(-4)*1. Suppose -b*l + k + 74 = 0. What are the prime factors of l?
2, 43
Suppose -741*i = -644*i - 4642129. List the prime factors of i.
47857
Let c(y) = -y**3 + 34*y**2 - 25*y - 171. Let h(v) = 39*v - 7. Let b be h(1). List the prime factors of c(b).
3, 359
Let o be (3 + (-17)/6)/((-11)/(-462)). Suppose 5*i = -4*z + 4567, 6*i + 3417 = 3*z + o*i. List the prime factors of z.
2, 569
Suppose 0 = -9*l - 138 - 519. Let g = l - -84. Suppose 2*q + g = 37. What are the prime factors of q?
13
Suppose -k + 7*k - 24 = 0. Suppose 0 = 3*n - n + k*m - 570, 4*n - 4*m = 1128. What are the prime factors of n?
283
Suppose b - 3*b = 4*a - 66, -b - a + 29 = 0. Suppose -60*f + 55*f + b = 0. Suppose -q - f*h + 478 = q, 0 = q + 5*h - 234. List the prime factors of q.
2, 61
Let v = 41 - 37. Let t be (-4)/(-3)*6/(8/v). Suppose -3*z + 117 = -n, -z - 2*n = -t*n - 39. List the prime factors of z.
3, 13
Let a be 1/((1/669)/(5/15)). Let h = 404 - a. What are the prime factors of h?
181
Let z(d) = 3*d**3 + 76*d**2 + 6*d + 46. What are the prime factors of z(-24)?
2, 1103
Suppose -3*b = 3*y - 78, 0 = -3*y - b + 3*b + 58. Let l(s) = -s**3 + 23*s**2 + 2*s + 17. Let z be l(y). Let i = z + -328. What are the prime factors of i?
7, 31
Suppose 2*p + 4*k + 118 = -368, -773 = 3*p - 5*k. Let v = -93 - p. Suppose 5*w - v = 117. What are the prime factors of w?
5, 11
List the prime factors of 1347828/30 - (-8)/(-10)*(-53)/106.
2, 3, 13
Suppose -5*d - 8*i + 1528 = -7*i, 5*d - 3*i = 1516. Suppose -k = -3*w + 297 + 161, -k - d = -2*w. List the prime factors of w.
3, 17
Let u(q) = -11*q**3 - 29*q**2 + 45*q + 35. Let w(r) = 4*r**3 + 10*r**2 - 15*r - 12. Let s(f) = 3*u(f) + 8*w(f). List the prime factors of s(-9).
2, 3
Suppose 5070 = 13*x - 6214. Suppose -12*r = -x + 112. What are the prime factors of r?
3, 7
Suppose 5*t - 112 = 6*t. Let q = -75 - t. What are the prime factors of q?
37
What are the prime factors of 1986129/45 - (-126)/(-105)?
5, 7, 13, 97
Let n(a) = -a**2 + 7*a + 5. Let w be n(4). Let t(v) = 4*v - 12*v**3 - w + 2*v + 4*v**2 + 23. List the prime factors of t(-2).
2, 53
Let j(g) = g - 1. Suppose 0 = -4*w + 2 + 2. Let c(l) = -26*l + 7. Let x(m) = w*c(m) + 6*j(m). What are the prime factors of x(-4)?
3
Let r be (2 + 3)*(-2)/(-5). Suppose -4*l + r*b + 845 = 7*b, b - 1072 = -5*l. What are the prime factors of l?
5, 43
Suppose 3*c = 5*c - 72. Suppose -4*u + 0*u + c = 0. Suppose u*f + f = 790. What are the prime factors of f?
79
Let v(u) = 343*u - 61. Let l be v(14). Suppose l = 4*k + 401. What are the prime factors of k?
5, 7, 31
Let d be (-6)/(-12)*6*(70 - 1). Let i = 1097 - d. List the prime factors of 2/(-12) + i/12.
2, 37
Let p be (1/2 + (-4)/8)/1. Suppose 5*o - 185 = 3*y, 2*y + 3*o - o + 150 = p. List the prime factors of 56/y - (-1268)/10.
2, 3, 7
Suppose -2*i = 6*i - 48. Suppose i*q - 209 - 175 = 0. What are the prime factors of q?
2
Suppose k - 66 = 34. Suppose -4*v + 7 = -5*i, -27*i = 2*v - 24*i - 9. Suppose -v*u = -7*u + k. What are the prime factors of u?
5
Let o = 41619 + -20704. List the prime factors of o.
5, 47, 89
Let h(i) = 3*i**2 + 7*i + 42. Let s be h(-36). Suppose 5*k - 11*k + s = 0. List the prime factors of k.
613
Suppose 2*u = -p + 3*u + 93, u + 269 = 3*p. Suppose 5*q - 488 = y, q + 3*y - p = -0*y. List the prime factors of q.
97
Suppose -72 = -10*d - 492. List the prime factors of (-224)/d*(-1236)/(-16).
2, 103
Let o(b) = -4*b + 63. Let t be o(15). List the prime factors of 770/2 - (t + -9 - -4).
3, 43
What are the prime factors of 101486/6 - ((-245)/21 - -11)?
5, 17, 199
Suppose 1234 = l - 2*v - 661, 2*v - 7580 = -4*l. List the prime factors of l.
5, 379
Let o(b) = -b**3 + 10*b**2 - 18*b + 55. Let x be o(8). Let y(p) = 2*p**2 - 37*p + 106. What are the prime factors of y(x)?
5, 11, 31
Let k(y) be the first derivative of -155*y**4/2 + y**2 + y - 65. What are the prime factors of k(-1)?
3, 103
Suppose 0 = -10*n + 7*n + 6. Suppose -2 = 4*v - n. Suppose v*m + 3*m = 324. List the prime factors of m.
2, 3
Suppose -3*b - 4*f + 32433 = f, 0 = 4*b - f - 43198. List the prime factors of b.
7, 1543
Let k be (-5)/(10/(-6)) + 2 + -50. List the prime factors of (342/k - -6)/((-4)/1030).
2, 103
Let v = -1903 + 800. Let k = -642 - v. What are the prime factors of k?
461
Suppose -26323 = -6*i + 5*g + 37265, 2*g - 31767 = -3*i. What are the prime factors of i?
3, 11, 107
Let r(i) = -25*i**2 + 8*i - 7. Let k be r(-4). Let s = k + 663. List the prime factors of s.
2, 7
Let a = -148 - -259. Let n = 187 - a. Let u = 112 - n. What are the prime factors of u?
2, 3
Let p = 1924 - 1013. Let w = p - 537. List the prime factors of w.
2, 11, 17
Suppose -2*s - b + 47056 = 4525, 5*s - b = 106331. List the prime factors of s.
2, 7, 31
Let o = -59 + 83. Let d = 7 - 7. Suppose 5*s - s - 2*x - 72 = 0, -2*s - 5*x + o = d. List the prime factors of s.
17
Let k be (1*(2 + -2))/(-11 - -12). Let a(s) = 2*s**2 - s + 55. Let y be a(k). List the prime factor